 b(f) = 2*f**2 + 1935*f + 54331. Calculate b(-29).
-102
Let s(k) = -199*k**2 + 13913*k + 124038. What is s(-8)?
-2
Let s(x) = -4*x**3 - 170*x**2 + 84*x - 24. Give s(-43).
62
Let k(q) = -5*q**2 + 1076*q - 19709. Determine k(195).
-14
Let x(p) = p**3 + 77*p**2 - 11681*p + 4031. Calculate x(76).
3
Let s(h) = -3965*h**2 - 11907*h - 62. What is s(-3)?
-26
Let o(t) = t**3 - 210*t**2 + 2797*t - 660. What is o(14)?
82
Let k(f) = f**2 + 1115*f + 287864. Calculate k(-709).
10
Let p(n) = 99*n**2 - 4953*n + 142. Determine p(50).
-8
Let z(s) = 46*s**2 - 809*s - 4028. Calculate z(-5).
1167
Let m(b) = 7*b**2 + 2647*b - 2238. What is m(-379)?
36
Let c(h) = 2739*h + 27234. Calculate c(-10).
-156
Let i(y) = y**3 - 4*y**2 + 41*y - 168. What is i(8)?
416
Let l(j) = -886*j - 11243. Calculate l(-12).
-611
Let x(g) = 3*g**3 + 38*g**2 + 35*g + 363. What is x(-16)?
-2757
Let s(g) = g**2 + 323*g - 33088. What is s(82)?
122
Let z(j) = 7916*j - 759937. Calculate z(96).
-1
Let x(a) = -16215*a - 243216. What is x(-15)?
9
Let u(w) = -6336*w + 12066. What is u(2)?
-606
Let x(y) = y**3 - 22*y**2 + 2*y + 163. Determine x(22).
207
Let p(q) = 2264*q + 2233. Calculate p(-1).
-31
Let a(o) = -2*o**3 - 1320*o**2 - 69857*o - 15048. Calculate a(-602).
2
Let c(q) = 1242880*q - 9943042. Calculate c(8).
-2
Let r(c) = -c**3 - 295*c**2 - 3678*c - 3395. What is r(-282)?
-11
Let a(m) = 46*m**3 + 3*m**2 - 12*m + 9. Calculate a(1).
46
Let a(r) = -18*r**3 + 144*r**2 + 6*r - 107. Give a(8).
-59
Let h(v) = 7*v**2 - 8130*v + 1185549. Determine h(171).
6
Let p(a) = -70984*a + 9511852. What is p(134)?
-4
Let i(r) = r**3 - 89*r**2 - 1209*r - 150. What is i(101)?
153
Let n(p) = p**2 + 5618*p - 158092. Determine n(28).
-4
Let y(t) = 51483*t + 1184105. What is y(-23)?
-4
Let g(i) = 9*i**2 + 74*i - 34293. Calculate g(-66).
27
Let n(v) = -4*v**2 - 153*v + 6537. Calculate n(-64).
-55
Let n(d) = 2638*d + 7890. What is n(-3)?
-24
Let y(g) = 1897*g**2 + 35*g + 33. Calculate y(-1).
1895
Let a(y) = 5*y**2 + 389*y - 34664. Determine a(53).
-2
Let n(z) = 97*z**2 + 5428*z - 335. What is n(-56)?
-111
Let d(q) = -309*q**2 - 2058*q - 1369. What is d(-6)?
-145
Let w(x) = 102*x**2 + 1385*x + 4160. What is w(-3)?
923
Let l(i) = -378*i**2 + 203741*i + 574. Calculate l(539).
35
Let q(x) = 23380*x - 139604. Give q(6).
676
Let u(w) = -w**2 + 35*w + 13273. Calculate u(-99).
7
Let j(z) = -164*z + 6651. Calculate j(40).
91
Let x(t) = 3*t**3 - 18*t**2 - 192*t + 1556. Determine x(9).
557
Let p(u) = u**3 + 89*u**2 - 2496*u + 1188. Calculate p(22).
0
Let p(h) = -h**2 + 248*h - 11362. Determine p(61).
45
Let r(f) = -163*f**2 - 286*f + 623. Give r(-3).
14
Let d(v) = -272*v**2 + 2693*v + 13. Determine d(10).
-257
Let b(i) = 3*i**3 - 169*i**2 + 111*i + 5988. Calculate b(55).
-7
Let y(k) = -2959*k + 23813. Calculate y(8).
141
Let d(g) = 197*g**2 + 434*g + 1. Calculate d(-2).
-79
Let x(g) = 3*g**2 - 3445*g + 726456. Determine x(870).
6
Let h(d) = -4*d**3 - 5*d**2 + 1383*d + 645. What is h(-19)?
-1
Let m(a) = 4*a**3 - 3*a**2 - 1258*a + 1255. What is m(1)?
-2
Let z(x) = -6441*x - 4759893. Calculate z(-739).
6
Let d(s) = 127*s + 1000. Give d(-9).
-143
Let n(q) = -5*q**3 + 83*q**2 + 31*q - 31. Calculate n(17).
-82
Let d(l) = l**3 - 109*l**2 + 592*l + 3020. What is d(103)?
342
Let k(j) = -j**2 + 24*j - 849. Give k(43).
-1666
Let i(b) = 10*b**2 + 187*b + 13. Determine i(0).
13
Let k(s) = -s**2 + 49*s + 312440. Calculate k(584).
0
Let a(j) = -27929*j + 139658. Determine a(5).
13
Let d(c) = -109757*c + 5268329. Calculate d(48).
-7
Let j(s) = -650104*s - 33805412. Calculate j(-52).
-4
Let p(t) = -38*t**2 + 588*t + 101. Give p(16).
-219
Let d(u) = -72119*u**2 + 865386*u + 504. What is d(12)?
0
Let d(w) = -6654*w - 804644. Give d(-121).
490
Let w(r) = -r**3 + 62*r**2 - 59*r + 398. Determine w(61).
520
Let k(c) = 10088*c + 2017590. Give k(-200).
-10
Let t(g) = g**3 - 59*g**2 + 766*g + 273. Determine t(20).
-7
Let p(k) = -7414*k - 22241. What is p(-3)?
1
Let g(l) = l**3 - 11*l**2 - 634*l - 251. Give g(-20).
29
Let x(h) = 8091*h - 3341687. Give x(413).
-104
Let g(q) = -2*q**2 + 1019*q - 12840. Calculate g(13).
69
Let p(o) = 231*o + 7497. What is p(-28)?
1029
Let f(g) = -8*g**3 - 17*g**2 - 62*g + 155. Calculate f(3).
-400
Let g(d) = 6549*d - 255401. What is g(39)?
10
Let w(u) = -u**3 + 128*u**2 + 6953*u + 17157. What is w(-39)?
-3
Let g(u) = -4*u**3 - 50*u**2 + 11*u + 5. Calculate g(0).
5
Let q(d) = 51180*d - 1484211. Give q(29).
9
Let l(t) = 11*t**3 + t**2 + 364*t - 731. Give l(2).
89
Let t(w) = -4*w**3 + 2437*w**2 - 93192*w - 66. What is t(41)?
-25
Let x(w) = 51*w - 3735. What is x(82)?
447
Let d(u) = u**3 - 439*u**2 + 14146*u - 202. Determine d(35).
8
Let y(t) = 3*t**3 - 1091*t**2 + 2884*t + 1560. Determine y(361).
116
Let j(q) = -2*q**3 - 9*q**2 + 46734*q + 233638. Calculate j(-5).
-7
Let n(s) = -50*s**2 - 13397*s + 740. Determine n(-268).
-64
Let v(g) = -g**2 + 876*g - 35880. Calculate v(43).
-61
Let h(s) = -3*s**3 + 20*s**2 + 28*s - 147. What is h(4)?
93
Let j(s) = 3*s**3 - 317*s**2 + 509*s + 1128. What is j(104)?
-16
Let u(q) = 8*q**2 - 243*q - 57. Determine u(35).
1238
Let l(g) = -236*g**2 + 50739*g + 191. Determine l(215).
-24
Let t(z) = 155956*z + 2183344. What is t(-14)?
-40
Let n(b) = -5*b**2 + 31*b + 42. Give n(-2).
-40
Let y(m) = 33673*m - 202229. Give y(6).
-191
Let y(h) = -53*h**2 + 89*h - 91. Calculate y(1).
-55
Let f(g) = g**3 + 46*g**2 + 60*g + 690. Determine f(-45).
15
Let b(q) = -12*q**3 + 61*q**2 + 3362*q - 16834. Give b(5).
1
Let z(h) = 14699*h**2 - 117578*h + 13. Give z(8).
125
Let b(y) = y**2 + 120*y + 1659. What is b(-16)?
-5
Let b(n) = 487045*n - 18994760. Calculate b(39).
-5
Let i(o) = 40*o**2 + 2352*o + 563. Determine i(-59).
1035
Let u(z) = -2*z**3 + 104*z**2 + 691*z + 333. What is u(58)?
43
Let c(l) = -1032*l**2 - 22669*l + 773. Calculate c(-22).
3
Let c(p) = 2*p**3 + 30*p**2 + 147*p + 9. Determine c(-12).
-891
Let d(f) = -5313*f + 84993. Determine d(16).
-15
Let v(u) = -u**3 - 319*u**2 + 2626*u + 2797. Give v(-327).
-473
Let z(n) = 2*n**2 - 448*n - 39749. Give z(292).
-37
Let s(i) = -i**3 + 49*i**2 - 273*i + 4189. Determine s(45).
4
Let j(g) = 3*g**3 - 42*g**2 - 440*g - 852. What is j(-8)?
-1556
Let o(m) = -88*m - 756. Give o(-8).
-52
Let s(m) = -m**3 - 65*m**2 + 1470*m - 19543. Determine s(-85).
7
Let p(q) = 367*q**2 - 1458*q - 75. Calculate p(4).
-35
Let o(l) = -1146*l - 7032. Calculate o(-7).
990
Let r(b) = b**2 + 468*b + 24104. Give r(-59).
-27
Let w(f) = -f**2 - 24*f + 1030. What is w(54)?
-3182
Let s(m) = 2*m**3 + 83*m**2 - 1232*m + 6387. Determine s(-54).
15
Let n(g) = 2*g**3 - 245*g**2 + 604*g - 489. Give n(120).
-9
Let b(c) = 2*c**3 - 267*c**2 - 1531*c - 1035. What is b(139)?
-1313
Let u(k) = 839*k - 9718. Calculate u(13).
1189
Let n(j) = 205*j + 21463. Give n(-105).
-62
Let g(u) = 1222*u - 28920. Calculate g(27).
4074
Let d(b) = b**2 - 477*b - 13623. What is d(-27)?
-15
Let m(w) = -508033*w - 9144590. Determine m(-18).
4
Let z(l) = 15006*l - 1320557. Give z(88).
-29
Let i(k) = -k**3 + 64*k**2 + 2700*k + 69. Determine i(-29).
-18
Let l(k) = -148*k**3 + 3*k**2 + 94*k - 96. Determine l(1).
-147
Let y(j) = j**2 - 198*j + 406. Give y(52).
-7186
Let m(x) = 3176*x - 6348. Calculate m(2).
4
Let o(w) = w**3 - 52*w**2 - 120*w - 341. Determine o(54).
-989
Let o(n) = 110*n**3 + 23*n**2 + 37*n + 64. Determine o(-2).
-798
Let x(k) = -455*k - 32485. Determine x(-72).
275
Let k(v) = -91*v**2 + 6001*v + 343. Calculate k(66).
13
Let n(v) = 19986*v - 459680. Calculate n(23).
-2
Let v(l) = 3788*l + 26522. What is v(-7)?
6
Let v(h) = 2*h**3 - 269*h**2 - 154*h + 229. What is v(135)?
-2336
Let d(k) = 2075*k - 2044. Calculate d(1).
31
Let g(a) = 13*a**2 + 7001*a + 68733. Give g(-10).
23
Let b(u) = 498*u - 54830. Calculate b(110).
-50
Let g(j) = 373*j - 26273. Determine g(70).
-163
Let l(g) = -g**2 - 26556*g + 1490278. Determine l(56).
6
Let w(u) = -29092*u - 3607387. What is w(-124)?
21
Let z(d) = -122351*d + 367078. What is z(3)?
25
Let x(c) = -c**3 - 50*c**2 + 85*c + 3045. What is x(-50)?
-1205
Let z(t) = -5*t**2 + 16529*t + 66200. Calculate z(-4).
4
Let l(p) = -6563*p - 98460. What is l(-15)?
-15
Let z(f) = f**2 - 6516*f - 26059. What is z(-4)?
21
Let m(o) = -11046*o - 596441. What is m(-54)?
43
Let f(p) = -29*p**2 - p + 385.